) be the first derivative of -1/3*a**3 - 4*a + 4*a**2 - 2. Determine d(3).
11
Let w(k) = -k + 9. Suppose -3*t + 4*n = -6, -21 = -3*t - 3*n + 2*n. Determine w(t).
3
Let g(w) be the second derivative of -w**3/3 + 3*w**2/2 - 11*w. Give g(5).
-7
Let q(n) = n**3 + 7*n**2 - 8*n + 2. Let m be q(-8). Let d(h) = 5*h**2 - 4*h**2 + m - 6*h + 0*h**2. What is d(5)?
-3
Let t(j) = j. Let h = -4 - -9. Determine t(h).
5
Let h(s) be the third derivative of -1/60*s**5 + 1/2*s**3 + 1/8*s**4 + 0 + 8*s**2 + 0*s. What is h(3)?
3
Let i(z) = -z**3 + 3*z**2. Let t(m) = -m**3 + m**2 + 2*m + 3. Let x be t(-1). What is i(x)?
0
Let y = 4 - 3. Let p be (-1)/(2/(-16)*y). Suppose b + p = 3*q - 6, 4*q = 12. Let c(i) = i**2 + 5*i. Give c(b).
0
Suppose -6 = -3*f, -4*r + 5*f + 0*f - 26 = 0. Let k be 3/r + 90/24. Let g(d) = d**2 - 3*d + 4. What is g(k)?
4
Let o(p) be the first derivative of p**5/30 + p**4/24 - p**3/3 + 3. Let s(q) be the third derivative of o(q). Give s(-1).
-3
Let z(q) = 3*q**2 + 4*q - 2. Let b(n) = 2*n**2 + 2*n - 1. Let a(x) = -7*b(x) + 4*z(x). Determine a(1).
-1
Let x = -7 + 9. Let u(w) = x - 8 + w**3 - 3*w**2 + 2. Give u(3).
-4
Let l(h) = -2*h**3 - h. Let q be (-2)/(-2) + -2 - -1. Suppose 2*r + 6 = 4*a, 7*a - 3*a + 5*r + 29 = q. Determine l(a).
3
Let g(h) = 3*h - 47. Let r be g(14). Let y(k) = -k**3 - 6*k**2 - 3*k + 4. Give y(r).
-6
Suppose 0 = l + 1 + 1, 4*n = 2*l. Let d(h) = 5*h - 1. What is d(n)?
-6
Let b(h) = 2 + 2*h**2 + 2*h**3 + 90*h - 90*h. Calculate b(-2).
-6
Suppose 4*k + 3 = 5*k. Let i(u) = 2*u**2 - u + 0*u**3 - 2 + 2*u**3 + 0*u**k + 4. Suppose 0 = 3*x, 3*p - 2*x + 3 = -3. Determine i(p).
-4
Suppose 3*i + 2*w + 17 = -4, -i = 4*w + 7. Let k(a) = -a**3 - 6*a**2 + 8*a + 4. Let o be k(i). Let y(j) = 2*j + 4. Give y(o).
-2
Let i(v) = v**3 + v**2 + v - 1. Suppose 7*m = -3*m - m. Determine i(m).
-1
Let j(s) = -s - 2. Let t = 29 + -26. Suppose t*c + 2 = -5*d, 0*c - 4*d = -4*c + 40. What is j(c)?
-8
Suppose -4*y + 0*y - 16 = 0. Let g(u) = -3*u + 0*u - 2 + 0*u. Determine g(y).
10
Let w(q) = 2*q**3 + q**2 + 2*q + 1. Let o = 32 + -52. Let l be ((-2)/(-4))/(5/o). Give w(l).
-15
Suppose 4*v = -16, -2*i + v + 14 = -2. Suppose 0 = l - 0*s + s - 5, i = 3*s. Let x = -8 + l. Let a(k) = k**2 + 5*k + 6. Determine a(x).
6
Suppose 0 = -z - w + 4, -w - 20 = -3*z + 8. Let d(t) = -3*t**3 - 3*t**2 + 3*t + 5. Let p(c) = -5*c**3 - 5*c**2 + 5*c + 7. Let s(y) = z*d(y) - 5*p(y). Give s(0).
5
Suppose 0 = -4*q + 23 - 7. Let w(v) be the first derivative of -4/3*v**3 - 1/2*v**2 - 2 + 1/4*v**4 + 2*v. Determine w(q).
-2
Let l(a) = -3*a**2 - 3. Let m(d) = 4*d**2 + d + 4. Let t(k) = -5*l(k) - 4*m(k). Let n be t(-2). Let y(q) = -q. Calculate y(n).
-3
Let g be 30/(-225) - 176/30. Let r(h) = 5*h**3 + 2*h**2 - 4*h + 3. Let a(x) = -11*x**3 - 4*x**2 + 9*x - 7. Let j(u) = g*a(u) - 13*r(u). What is j(2)?
-1
Let z(m) = 4*m**2 + 3*m + 4 - m**3 + 5*m**3 - 4*m**3 + m**3. Determine z(-4).
-8
Let u(i) be the third derivative of -i**4/12 - 5*i**3/6 - 5*i**2 + 3. What is u(4)?
-13
Suppose v + 3*z + 16 = 2*v, v = -z. Let y(g) = g + 6. Let x(t) = -2*t - 5. Let p(o) = 2*x(o) + 3*y(o). Determine p(v).
4
Let y(h) = h**3 - h**2 - 5. Let i be y(0). Let u(s) = -3*s**2 - s - 10. Let d(b) = b**2 + 5. Let x(k) = -5*d(k) - 2*u(k). Calculate x(i).
10
Suppose 8 = -3*d + 5*d. Let g(l) = -1 + d*l + 2*l - 7*l. Calculate g(5).
-6
Let i(r) be the third derivative of -1/15*r**5 + 1/6*r**3 + 0 + 1/8*r**4 - 5*r**2 + 0*r + 1/120*r**6. What is i(3)?
1
Let i(a) = a**2 - 3*a - 2. Let c(p) = -p**2 + 2*p + 2. Let f(x) = -5*c(x) - 6*i(x). Let q(n) = -n**3 - 3*n**2 + 4*n + 6. Let g be q(-4). Determine f(g).
14
Let k(z) = z + 1. Suppose -j + 6*j - 15 = 0. Suppose j*l - 2*l = -4. What is k(l)?
-3
Let c(d) = 3*d - 2. Suppose j + 0 = -1. Suppose -4*s - 4*a = -2*a - 10, 0 = -a - 1. Let t = j + s. What is c(t)?
4
Let g(j) = j**2 - 9*j - 18. Let v be g(10). Let o(s) = s**2 + 7*s - 7. Determine o(v).
1
Let o = -5 + 10. Suppose 16 = -4*p + 2*k - 0*k, 0 = 3*p - o*k + 5. Let m(z) = -z - 2. Determine m(p).
3
Let a(d) = 2*d + 6. Let c(b) = -b - 3. Let w(o) = -3*a(o) - 7*c(o). Let i(z) = -1. Let r(m) = -4*i(m) - w(m). Calculate r(4).
-3
Let n(u) be the first derivative of u**2 - 4*u + 4. Let w = 15 - 12. Give n(w).
2
Let y be 1/(-5) + 510/(-75). Let h = y - -3. Let s(m) be the first derivative of m**2/2 - 2*m + 1. What is s(h)?
-6
Let i(d) = d - 2. Let q(a) = a**2 + 6*a - 3. Let p be q(-7). Suppose -2*u + 4*u - 4*r - 2 = 0, -4*r + 4 = p*u. Let h = 2 - u. What is i(h)?
-1
Let h be (-27)/(-6) - 2/4. Let l(w) = 4*w**2 - 4*w**3 + 0 + 3*w**3 + 2. Determine l(h).
2
Let n(w) = -w**2 - 3*w + 10. Let o be n(-5). Let y(d) be the third derivative of -1/60*d**5 + o*d - 5/6*d**3 - 7/24*d**4 + 2*d**2 + 0. What is y(-5)?
5
Suppose 0 = -5*a + 7 + 8. Let c(g) = 3*g - 3*g - g**a - 5*g + 3 + 5*g**2. Suppose -h + 3 = -1. Give c(h).
-1
Suppose 0 = 5*x - 4*y + 37, -5*y - 4 = -4*x - 39. Let r(l) = -l**2 - 6*l - 3. What is r(x)?
2
Suppose 0*k - k + 14 = 5*w, 4*k = -5*w + 26. Let g(f) = -9*f + 4*f**w - 3*f**2 + 7*f + 2*f**3 + 1. What is g(-2)?
-7
Let l(b) = 127 - 49 - 54 + b. What is l(0)?
24
Let a be (154/(-126) + (-4)/(-18))*-3. Let k(r) be the third derivative of r**6/120 - r**5/20 + r**3/6 + 2*r**2. Calculate k(a).
1
Let y(c) = -6*c + 6. Let z(l) = -5*l + 6. Let r(d) = 4*y(d) - 5*z(d). What is r(0)?
-6
Suppose 0 = -2*w - 12 + 18. Let m(q) = q**w - 1 - 6*q**3 - 2*q - 2*q**2 + 9*q**3. Suppose 4*n = 3*n - 1, 0 = -2*a + n - 1. Give m(a).
-5
Let i be ((-4)/(-18))/(((-320)/(-12))/5). Let y(b) be the third derivative of 0 - 1/120*b**6 + i*b**4 + 1/12*b**5 + 0*b + 2*b**2 + 0*b**3. Give y(5).
5
Let j(h) = h**3 + 5*h**2 + 16*h - 3. Let s(y) = -y**3 - 6*y**2 - 15*y + 2. Let n(b) = 5*j(b) + 6*s(b). Determine n(-10).
-3
Let z(q) = 3*q**2 - 2*q - 2. Let s(k) = -10*k**2 + 5*k + 6. Let r(v) = 2*s(v) + 7*z(v). Let g = 2 + 1. Give r(g).
-5
Let f(k) = -4*k**2 - 2*k + 1. Let a(h) = 5*h**2 + 2*h - 2. Let l(b) = -3*a(b) - 4*f(b). What is l(-2)?
2
Let f(t) be the second derivative of t**7/840 - t**6/90 + t**5/30 - 5*t**4/24 - t**3 + 3*t. Let q(j) be the second derivative of f(j). Determine q(4).
11
Suppose -c = 2*c. Suppose c = -3*b - k, 5*b - b + 5*k = 11. Let h(j) = 3*j**2 - 10*j**2 + 1 - j**2 + 7*j**2. What is h(b)?
0
Let f(m) = -m + 8. Suppose 7*d = 4*d + 27. Let i be 2/(-9) - (-2)/d. Calculate f(i).
8
Suppose 3*g + 16 - 1 = 0. Let q(r) be the second derivative of -r**7/2520 - r**6/180 + r**4/12 + 2*r. Let l(n) be the third derivative of q(n). Determine l(g).
-5
Let j be 5 + -6 + (-1 - -5). Let l(a) = a**3 - 4*a**2 + 2*a + 4. Calculate l(j).
1
Let x(q) = -2*q**2 - 10*q + 3. Let a be -1*(-1 + 1 - 5). Let n(u) = -3*u**2 - 19*u + 7. Let m(s) = a*x(s) - 3*n(s). Give m(4).
6
Let h(b) be the second derivative of -b**5/20 - b**4/4 - b**2 - 27*b. Calculate h(-3).
-2
Suppose 0 = 3*q - q. Suppose q*w - 10 = -2*w. Let l(f) = -f + 2. Give l(w).
-3
Let s = -2 + -2. Let f(o) be the second derivative of o**5/20 + o**4/4 - o**3/2 + o**2/2 + 75*o. Give f(s).
-3
Let t(g) = 2*g + 1. Suppose -4*s + 5*a = 4 + 7, -13 = -4*s - 3*a. Give t(s).
3
Let l(k) = k - 4*k + 2*k. Let c be 2/1 - (-8)/2. Suppose c = 3*b + 21. Give l(b).
5
Let l(w) = -w**3 + w**2 - 6. Let x(n) = -n**3 + 5*n**2 + 2*n - 7. Suppose 5*h = 42 - 17. Let v be x(h). Suppose g - 1 = -2*o + v, o = -4*g + 2. Calculate l(g).
-6
Let h(p) be the third derivative of -p**7/2520 - p**6/144 - p**5/24 - p**4/24 + 4*p**2. Let q(i) be the second derivative of h(i). Give q(-4).
-1
Let j(y) = y + 11. Let u be j(-10). Suppose -8 = 3*k + u. Let q(f) = -f. What is q(k)?
3
Let t be (4/(-6))/(-1)*-3. Let b(l) = -l**3 - l**2. Determine b(t).
4
Let j be 1/4 - (-30)/8. Suppose -j*y = -2*y. Let l(z) = -2*z + 20. Let a(m) = -m + 10. Let w(v) = 5*a(v) - 3*l(v). Give w(y).
-10
Let q(m) = -m - 1. Suppose 4 = 3*c + 22. Let r be (16/c)/(4/12). Let y be ((-4)/r)/((-1)/(-6)). Calculate q(y).
-4
Let y(v) be the third derivative of -v**7/840 - v**6/360 - v**5/120 - v**4/4 + v**3/3 + 3*v**2. Let a(q) be the first derivative of y(q). Calculate a(0).
-6
Let f(r) = 2*r**2 + 1. Let u be f(1). Let a(z) be the second derivative of -9*z - 1/3*z**3 + 0 + 1/2*z**2. Determine a(u).
-5
Let f(r) = -28 + 28 - r. Suppose -3*o + 6*o = 12. Calculate f(o).
-4
Let f(g) = -13*g**2 - 3*g - 9. Let